+ 3*v = -v - 440, j = -5*v + 20. What is the greatest common divisor of k and 19?
19
Suppose -8 = -4*i + 4. Calculate the highest common divisor of i and 2.
1
Let p = 3 - -12. What is the greatest common divisor of p and 15?
15
Let q(m) = -m + 5. Let g(n) = -1. Let a(l) = 21*g(l) + 3*q(l). Let c be a(-5). Suppose 3*x - 1 = 2. What is the greatest common factor of c and x?
1
Suppose 7*m = -m + 1056. Calculate the highest common factor of m and 88.
44
Suppose -4*i = 0, i = -2*k + 3*k + 24. Let w be (126/k)/((-2)/32). Let f be -2 - 1 - -1 - -14. Calculate the greatest common divisor of f and w.
12
Let r = 30 + -18. Let a = -82 - -190. What is the greatest common factor of a and r?
12
Suppose -3*q = 5*m - 235, 0 = m + 4*m - 10. What is the highest common factor of q and 30?
15
Let f = 1 - -1. Let a be (-15)/f*(-6)/9. Let q = -3 + a. What is the greatest common divisor of q and 5?
1
Suppose -3*a - n = 4*n + 24, 3*a = -2*n - 15. Let h be 2*a/6 + 1. Suppose h = -3*d - 15 + 327. Calculate the greatest common divisor of d and 13.
13
Suppose 4*d + 4*n = 36 + 84, 3*n = 0. Calculate the highest common factor of 10 and d.
10
Let q(t) = 4*t**2 - 5*t - 8. Let u be q(10). Suppose -m = m - u. Suppose -4*y + 33 = -43. What is the greatest common divisor of m and y?
19
Suppose -y + 3 = 3*w, y + w + w - 3 = 0. Suppose y*v - 2*v - 4 = 0. Suppose o = v*p - 7, -5*p = -0 - 20. Calculate the highest common factor of 99 and o.
9
Let w be (-6)/15 - 114/(-10). Let v(a) = a**3 - 11*a**2 + 13*a - 7. Let m be v(w). What is the highest common factor of m and 17?
17
Let n be 10/(-10)*(0 - 36). What is the greatest common divisor of n and 90?
18
Let l = 74 + -70. Calculate the greatest common divisor of 44 and l.
4
Let z(g) = -6 + 4 - 2*g + g + 15. Let u be z(10). Calculate the highest common factor of u and 21.
3
Suppose 2*g = 5*c - 35, 2*g + 59 - 9 = 2*c. Let q = g - -52. Calculate the greatest common factor of 2 and q.
2
Suppose -l - 2*l = -60. Let s = -7 - -11. Suppose z - s*x - 92 = 0, z = x + 80 + 18. What is the highest common divisor of z and l?
20
Suppose 2*u - s = -8, -3*u = -5*u - 3*s - 24. Let k(q) = 2*q**2 + 10*q + 8. Let r be k(u). What is the highest common divisor of 5 and r?
5
Suppose -2*d + 18 = -0*d - 5*p, -d = -2*p - 8. Suppose d*u - 115 + 471 = 0. Let b = -57 - u. What is the highest common divisor of 8 and b?
8
Let r be (6/8)/((-2)/16). Let c(d) = d**3 + 7*d**2 - 2*d - 7. Let o be c(-7). Let i = o + r. What is the highest common factor of i and 1?
1
Let c = 3 - -1. Let i = -7 + 19. Calculate the greatest common divisor of i and c.
4
Let y(w) = -33*w**3 - w**2 + w + 1. Let c be y(-1). Let u be 4/(-18) + 292/18. What is the greatest common factor of c and u?
16
Suppose -5*q = -5*a + 150, q = 2*a + 5*q - 48. Calculate the highest common divisor of a and 70.
14
Suppose 3*a + 3 = -3*o, -11 = -5*o - a + 4. Let s(b) = b**2 + b + 4. Let v be s(0). Calculate the greatest common factor of o and v.
4
Let y = 88 - 143. Let r = 110 - y. Suppose 0 = -4*g - a + 56, -3*g = -a - 50 + 1. What is the greatest common factor of r and g?
15
Suppose 4 - 9 = 5*n, n = 5*i + 19. Let d = i - -15. Calculate the highest common factor of d and 121.
11
Let x(a) be the first derivative of a**3/3 - 7*a**2/2 - 9*a - 2. Let k be x(8). Let t be (-2 + 1 + -12)/k. What is the greatest common factor of 26 and t?
13
Let y = 85 - 40. Calculate the greatest common factor of 5 and y.
5
Let v be (-38)/(-4) + 24/48. Calculate the highest common divisor of 20 and v.
10
Suppose 0 = -7*h + 3*h + 4. Let v be (-2)/(-4*h)*28. Calculate the greatest common divisor of v and 126.
14
Suppose 0*p = p - i - 6, 0 = -4*p + 5*i + 25. Calculate the highest common factor of 5 and p.
5
Suppose 0 = -27*c + 103 + 5. Let y be 0 - (1 + 7)*-4. Calculate the greatest common divisor of c and y.
4
Suppose 0 = 5*c - 15, -3*u = -7*c + 4*c - 9. Calculate the greatest common divisor of 66 and u.
6
Let s = -9 + 44. Suppose c - 10 + 5 = 5*o, -4*o - 2*c = 4. Let p be o - -2 - 0 - -6. What is the greatest common divisor of s and p?
7
Let q(z) = -4*z**3 - z**2 + 2*z + 1. Let u be q(-2). What is the highest common divisor of 5 and u?
5
Let r be 3 - (0 + 4/(-2)). Suppose -t = 4 - 1, m - r*t - 95 = 0. Calculate the greatest common divisor of m and 10.
10
Let l(y) = -y**3 - 7*y**2 - 14*y + 6. Let m be l(-6). What is the greatest common factor of 6 and m?
6
Let o(h) = 6*h + 0 + 1 - 7*h. Let l be o(-6). Suppose -4*a - 18 = -f, -l*f + a + 109 = -2*f. What is the greatest common divisor of f and 2?
2
Suppose 2 = 4*h - 10. Let k = 8 - -14. Suppose -b - k = -h*b. What is the highest common factor of 33 and b?
11
Suppose 2*o + 5*z = -367, z + 764 = -4*o - 3*z. Let m = o + 355. Suppose -m = 4*g - 719. Calculate the highest common divisor of g and 20.
20
Suppose -5*x + 2*x + 63 = 0. Calculate the greatest common factor of x and 7.
7
Let x be 2/4 - (0 + 644/(-8)). Calculate the highest common divisor of x and 9.
9
Suppose 2*u - 5*h = -3*h + 10, -u + 5*h + 1 = 0. Calculate the highest common divisor of 66 and u.
6
Let c = 25 + 70. What is the highest common divisor of c and 19?
19
Suppose 2*j + 3*d - 189 = -2*j, 4*d - 235 = -5*j. Calculate the highest common factor of 34 and j.
17
Let m be (-3)/12 - (-34)/8. Suppose 0 = -p + m + 1. Let u(f) = f**2 - 8*f + 1. Let z be u(8). What is the greatest common factor of p and z?
1
Let k be 2 - (2/2 - 1). Let r be 0/(-1) + k - -23. Let v = 35 - r. Calculate the highest common divisor of 4 and v.
2
Suppose -3*s - 37 = -3*c + s, -5*s - 65 = -5*c. Let y = -12 - -117. What is the greatest common divisor of y and c?
15
Suppose 14*w = 10*w + 32. What is the greatest common divisor of 20 and w?
4
Let f(a) = -a**3 - 6*a**2 + 2*a + 5. Let z be f(-6). Let h = 49 + z. Calculate the greatest common divisor of 28 and h.
14
Let g = -125 + 181. Let k(x) = -3*x**2 - 5*x + 4. Let j be k(3). Let q = g + j. Calculate the highest common divisor of 6 and q.
6
Let x be (1 - (-52)/(-8))*-2. What is the greatest common divisor of 121 and x?
11
Let y = -78 - -111. Let s be (3/(-2))/((-3)/20). Suppose 0 = -2*a + s, -i + 3*a - 59 = -3*i. What is the highest common factor of y and i?
11
Let a be (-21)/14*16/(-3). Let j be (-2)/(-4)*(1 - 1). Suppose j = -3*x + 140 + 52. What is the highest common factor of a and x?
8
Let x(h) = -h**3 + 5*h**2 + 3*h. Let a be x(3). Let q = a + -3. Calculate the greatest common divisor of 3 and q.
3
Suppose 0 = 26*t - 34*t + 864. Let k(s) = 3*s - 6. Let v be k(6). Calculate the highest common factor of t and v.
12
Let o = -7 + 10. What is the greatest common divisor of o and 21?
3
Suppose 3*i = 2*j + 3*j - 91, -2*j + 37 = -i. Let y = 57 + 3. What is the highest common factor of y and j?
20
Suppose -3*l = 5*k - 41, k + 19 = 4*k - l. Let d = -16 + 11. Let y be (-14)/(d/(-2) - 3). What is the greatest common divisor of k and y?
7
Let x(y) = y**2 + 30*y + 117. Let c be x(-27). Let w = 15 - 3. Calculate the highest common divisor of c and w.
12
Suppose 2*r = -3*r + 2*i + 18, 0 = 4*r - 3*i - 20. What is the greatest common factor of 4 and r?
2
Suppose 0 = 2*n, 29 = -2*u - n + 157. Suppose 5*h + u - 324 = 0. What is the greatest common factor of 13 and h?
13
Let q(j) = -4*j + 2. Let z be q(-3). Let p = 177 + -412. Let d = p + 333. Calculate the highest common divisor of z and d.
14
Suppose -3*h + 580 = 2*h - 5*z, 3*h - 354 = -3*z. What is the greatest common factor of 13 and h?
13
Suppose -10*i + 6*i = -w - 396, 0 = -2*i + 4*w + 184. What is the greatest common divisor of 20 and i?
20
Let y = 48 + -3. Calculate the greatest common divisor of y and 18.
9
Let q = 2 + 1. Suppose -28 = q*y - 73. Suppose -3*g + 4*p + 5 = -10, y = 3*g - p. Calculate the greatest common divisor of g and 25.
5
Suppose 0 = 4*x - o - 243, x + 0*x - 75 = 5*o. Calculate the highest common factor of x and 90.
30
Let l be (-10)/55 + (-24292)/(-22). Suppose 1 = -g - 3. Let w be l/10 - g/(-10). What is the highest common divisor of w and 10?
10
Let u be 2/(-6) + (0 - (-348)/18). Let m be (367/3 + 0)*3. Let p = 576 - m. Calculate the highest common divisor of p and u.
19
Let o(a) = a**3 + 7*a**2 + 6*a + 4. Let q be o(-6). Suppose q*v - 5 = -13. Let u be 0 + 24 - 4/v. What is the greatest common factor of 65 and u?
13
Suppose 4*u - 22 = 10. S